 Let c = s - -2. What is the remainder when 15 is divided by c?
3
Let t = 2 - -2. Calculate the remainder when 5 is divided by t.
1
Let c = 3 - -9. Calculate the remainder when 23 is divided by c.
11
Let o(f) = 13*f - 2. Suppose 5*v = -0*v + 10. What is the remainder when o(v) is divided by 13?
11
Suppose 119 = 4*y + 5*p + 35, 3*y - 52 = -p. What is the remainder when 95 is divided by y?
15
Let v = 5 + 3. Let o = -67 - -88. Calculate the remainder when o is divided by v.
5
Let g = 54 - 33. Let a(m) = m**2 + 8*m + 2. Calculate the remainder when g is divided by a(-9).
10
Let t = 13 - -9. Suppose -w - 270 = w. Calculate the remainder when t is divided by (-6)/8 - w/20.
4
Let p(m) = -m**3 + 3*m. Calculate the remainder when 70 is divided by p(-3).
16
Let u(q) = -q**2 - 8*q - 9. Let d be u(-6). What is the remainder when d/(-6) + 170/4 is divided by 15?
12
Calculate the remainder when 31 is divided by (-30)/165 + 180/22.
7
Let f = 1 + -3. Let o(m) = 3*m**2 + m + 1. What is the remainder when 21 is divided by o(f)?
10
Let k(q) = 34*q. Let d be k(1). Let l be d/6 - (-10)/(-15). Suppose l*f - 23 = -2*t, -t + 4*f = -2*t + 16. Calculate the remainder when 7 is divided by t.
3
Suppose 7 = d + t - 17, -2*t + 24 = d. Calculate the remainder when d is divided by ((-6)/(-4))/(-7 - (-258)/36).
6
Let l(g) = g - 2. Let a(x) = x**2 + 3*x. Let j be a(-4). Let r be l(j). Suppose r = -q + 19. Calculate the remainder when 32 is divided by q.
15
Let b = 21 + -20. Calculate the remainder when 2 is divided by b.
0
Suppose -4*u - 3*p = -76, 76 = 4*u + 3*p - 5*p. What is the remainder when 33 is divided by u?
14
Suppose -k - 63 = -4*k. What is the remainder when 40 is divided by k?
19
Let i(h) be the first derivative of 2*h**3/3 + 9*h**2/2 + 2. Calculate the remainder when i(-6) is divided by 10.
8
Let q = 11 + 56. Calculate the remainder when q is divided by 17.
16
Suppose 5*a = a + 24. What is the remainder when a is divided by 4?
2
Let m(b) = b**3 - 8*b**2 - 13*b - 3. Calculate the remainder when m(10) is divided by 17.
16
Let p = -31 + 47. Calculate the remainder when p is divided by 9.
7
Let n(h) = 2*h**3 - 2*h**2 + 2. Let k be n(-2). Let c = -3 - k. Calculate the remainder when c is divided by 48/5 - (-2)/5.
9
Suppose 2*i = -2*i + 12. Calculate the remainder when 3 is divided by i.
0
Let c(w) = w**3 + 15*w**2 - w. Let a be c(-14). Let u = -125 + a. Calculate the remainder when u is divided by 22.
19
Suppose 145 + 180 = 5*k. Let l(c) = -c**2 + 8*c + 10. Calculate the remainder when k is divided by l(7).
14
Let h be -6 - -10 - (-1 + 23). Let s = -14 - h. What is the remainder when 14 is divided by s?
2
Suppose 9*g = 8*g. Suppose -3*u - u + 52 = g. Calculate the remainder when u is divided by 0 - (-5 + (-2 - 0)).
6
Let a(w) be the second derivative of w**3/6 - 3*w**2/2 - w. Let g be a(5). Suppose 0*q = q - g. What is the remainder when q is divided by 1?
0
Suppose 6*c = 58 + 44. Suppose -2*r - 36 = -6*r. What is the remainder when c is divided by r?
8
Let q = -46 - -30. Let u be (3/(-2))/((-3)/(-4)). What is the remainder when 7 is divided by (q/(-10))/(u/(-5))?
3
Suppose -3*s - 3 = -6*s - 2*q, -4*s + 5*q + 27 = 0. Suppose 0 = 4*z + 3*b - 21, -s*z + b + 2*b = 0. Calculate the remainder when z is divided by 2.
1
Suppose -8*y + 3*y + 75 = 0. Let l = -3 + 7. What is the remainder when (66/l - 2)*2 is divided by y?
14
Let j be -3 + (2*-1)/2. Let g(x) = -2*x**2 - 15*x - 3. Let z(f) = f**2 + 5*f + 1. Let y(q) = 2*g(q) + 7*z(q). What is the remainder when y(j) is divided by 15?
14
Let t(o) = o + 10. Let y be t(-7). Suppose y*x + x + 8 = 0. What is the remainder when -2 + (-132)/(-3) + x is divided by 21?
19
Suppose -225 = -6*x + 57. What is the remainder when 90 is divided by x?
43
Let j(u) = 3*u**2 + u. Suppose 2*r - y - 6 = -5*y, -4*r - y - 2 = 0. Calculate the remainder when -3 + -2 + 4 - -5 is divided by j(r).
0
Let w = 175 - 106. Calculate the remainder when w is divided by 24.
21
Let n be 2/8 + (-7)/(-4). Suppose 2*j + 3*p - 23 = 0, 5*p - 18 - 31 = -4*j. Calculate the remainder when j is divided by (4/n)/(2/6).
4
Suppose -4*x + 76 = -2*x. Calculate the remainder when x is divided by 10.
8
Let p = 2 - -2. Suppose -a = -3*a - 52. What is the remainder when (-7)/35 + a/(-5) is divided by p?
1
Let v(s) = s**3 + 6*s**2 - 6*s + 12. Calculate the remainder when v(-6) is divided by 26.
22
Suppose -2*d = 4*a - 134, -5*a - 2*d + 0*d = -167. Calculate the remainder when a is divided by (18/4)/((-3)/(-6)).
6
Calculate the remainder when ((-4)/(-8))/((-4)/(-888)) is divided by 19.
16
Suppose -2*h = -d - 8, -2*d + 19 = -0*h + 3*h. What is the remainder when 5 is divided by d?
1
Suppose 293 - 18 = 5*x. What is the remainder when x is divided by 15?
10
What is the remainder when (3 - 0)/(9/81) is divided by 10?
7
Suppose 0*x + 13 = x. Let r = -6 + x. What is the remainder when r is divided by 36/10 - 8/(-20)?
3
What is the remainder when -20*2/(-12)*3 is divided by 1*(1 - (-10)/2)?
4
Let j(m) = 3*m**2 - 2*m + 3. Let x = 4 + -3. What is the remainder when j(-3) is divided by (x/3)/(1/57)?
17
Suppose 2*u + 2 = 4*o, 2*u - o + 3 = 10. Let k = 0 + 3. Suppose -33 = -k*n - 9. What is the remainder when n is divided by u?
3
Let g be (-1 - 1/1) + -19. Calculate the remainder when 1712/28 - (-3)/g is divided by 21.
19
Let d = -13 - -24. Suppose 0 = -3*z - 2 + d. Suppose 0 = z*c + 3, o + c - 4 = -3*c. Calculate the remainder when o is divided by 3.
2
Suppose -5*f + 58 = 8. Let i = 45 - f. What is the remainder when i is divided by 9?
8
Let a(t) = -t**3 - 3*t**2 - 4*t - 2. What is the remainder when 59 is divided by a(-3)?
9
Suppose -4*a + 52 = -0*a. Let n(h) = h**3 - 5*h**2 + 4*h + 3. Let l be n(4). Suppose 0 = -l*i + 17 + 55. What is the remainder when i is divided by a?
11
Calculate the remainder when ((-14)/8)/((-4)/128) is divided by 15.
11
Suppose 3*v - 5 = 10. Let f(l) = l**3 - 3*l**2 - 3*l - 4. What is the remainder when f(v) is divided by 11?
9
Let l = -21 - -62. What is the remainder when l is divided by (-105)/(-9) - 2/3?
8
Suppose -3*i + a = -293, -3*a + 3 = -0*a. What is the remainder when i is divided by 33?
32
Let z(h) = h**2 + 3*h + 34. What is the remainder when z(0) is divided by 9?
7
Let h(b) = -2*b - 9. Let f be h(-8). Suppose -5*z = -z - 76. Calculate the remainder when z is divided by (-2 + f)/((-3)/(-6)).
9
Let o(h) = -7*h - 9. Let p be o(-11). Let x = p + -27. Calculate the remainder when x is divided by 22.
19
Calculate the remainder when (-41)/2*(0 - (0 - -2)) is divided by 23.
18
Suppose 3*l + l = -a + 123, 3 = -3*a. Calculate the remainder when l is divided by 17.
14
Let a = 49 + -30. Let g = -13 - -23. Calculate the remainder when a is divided by g.
9
Let a(u) be the first derivative of -u**3/3 + 27*u - 1. Calculate the remainder when a(0) is divided by 14.
13
Let p(h) = 25*h + 4. Let s be p(9). Suppose 0 = -3*l - 2*c + 236, 0 = 3*l - 3*c - 2*c - s. Calculate the remainder when l is divided by 27.
24
Let l = -47 - -84. Suppose 2*m - l = -3. What is the remainder when 33 is divided by m?
16
Suppose -3*j + 2*j = 4*l, 0 = 3*j + l - 11. Suppose -116 = -j*p - 0*p. Calculate the remainder when 113 is divided by p.
26
What is the remainder when 186/4*2*4/12 is divided by 8?
7
Let w(f) = f + 6. Let c be w(-6). Let k = -1 + c. What is the remainder when 10 is divided by (2 + -3)*(k + -3)?
2
Suppose -3*k - 4*l + 5 = 0, l - 4*l = 2*k - 3. What is the remainder when 9 is divided by k?
0
Let j(x) = -x**3 - 11*x**2 + x + 16. Let y be j(-11). Suppose -2*u = -y*u. Let i = u - -15. Calculate the remainder when 44 is divided by i.
14
Suppose 0 = 2*f - 4 - 4. Suppose -5*c - 19 - 65 = f*y, -5*y = -c - 11. Let b = 26 + c. Calculate the remainder when 19 is divided by b.
9
Suppose 3*c - 14 = 16. Suppose -k + 6*k - c = 0. Suppose 2*f + 3 = -g + 2, -5*f = 3*g - k. What is the remainder when 16 is divided by g?
7
What is the remainder when 3/((-17)/55 - 18/(-45)) is divided by 12?
9
Let g(n) = 4*n**3 + 2*n**2 - 1. What is the remainder when 8 is divided by g(1)?
3
Let f = 54 - 46. Calculate the remainder when 46/(-6)*(-2 - 1) is divided by f.
7
Suppose 5*f = -0*f + 55. Let v = 0 + f. Suppose -u = -3*u + 64. Calculate the remainder when u is divided by v.
10
Suppose -5*p + 100 = -0. Let 